0000110110000001000111
In base 15, what is 11421 + dc?
1150d
In base 6, what is -1420240 - 111045?
-1531325
In base 13, what is 0 - 9600b8b?
-9600b8b
In base 8, what is 360007 + -56?
357731
In base 4, what is 22012111300 + -2?
22012111232
In base 9, what is -21707 + 10085?
-11612
In base 6, what is -201511143 - 152?
-201511335
In base 7, what is -1250302440 + 1?
-1250302436
In base 2, what is -10101110010000001011010 - 10?
-10101110010000001011100
In base 7, what is -2052 + 210242?
205160
In base 16, what is 29 + -10c6757?
-10c672e
In base 3, what is 2200221000121 - 20?
2200221000101
In base 3, what is 101101112221011020 - -12?
101101112221011102
In base 7, what is 512 - -1153214?
1154026
In base 3, what is 210012112012210102 - -11?
210012112012210120
In base 2, what is -1 + 10101010001100000100100?
10101010001100000100011
In base 6, what is -2151 - 405444?
-412035
In base 11, what is -2a89a18 - 4?
-2a89a21
In base 3, what is 10 + 11200121021?
11200121101
In base 15, what is 19647ab + 1?
19647ac
In base 14, what is 36c9 - -5438?
8b23
In base 16, what is 4 + -40e400?
-40e3fc
In base 7, what is 10516352 - -105?
10516460
In base 6, what is -531 + -230253?
-231224
In base 3, what is -2 + -1212121200210?
-1212121200212
In base 3, what is 10220211220 - -211?
10220212201
In base 16, what is -863 - -15f7?
d94
In base 3, what is 12022 - 111002112?
-110220020
In base 11, what is 1 - 365737a?
-3657379
In base 11, what is -39595680 - 5?
-39595685
In base 4, what is 1213123 - -120033?
1333222
In base 15, what is 7e - 3e0012?
-3dee83
In base 6, what is -24 - -2043304011?
2043303543
In base 15, what is 5c1db8 - 9?
5c1dae
In base 14, what is -5d3a6 - 63?
-5d429
In base 12, what is 313 - 209ba?
-206a7
In base 9, what is 217802853 - -7?
217802861
In base 8, what is -1 + 40017665?
40017664
In base 11, what is -4531aa + 797?
-452513
In base 15, what is 4 - -267474?
267478
In base 13, what is 171882 - -b?
171890
In base 5, what is 1431203 + -444?
1430204
In base 15, what is 41 - 284c?
-280b
In base 4, what is 1 + 233112013030?
233112013031
In base 9, what is 337618486 + 4?
337618501
In base 10, what is -11909 + -3910?
-15819
In base 10, what is -3 - 71595196?
-71595199
In base 4, what is 200013 + 110311302?
111111321
In base 2, what is -1000111000010101101100110 - 0?
-1000111000010101101100110
In base 3, what is 10122001022202122 - 12?
10122001022202110
In base 4, what is -1302010211 + -3?
-1302010220
In base 11, what is -3954833 + 2?
-3954831
In base 13, what is 70659 + 180a?
72166
In base 13, what is 23c + 12208?
12447
In base 2, what is 11001000010 - -11001101000010?
11100110000100
In base 4, what is 3311303 - -102001?
10013310
In base 6, what is 45353 + -3210?
42143
In base 7, what is 34 + 1655042?
1655106
In base 6, what is -3445040224 + -2?
-3445040230
In base 2, what is -10010000 - -10010110101111111111?
10010110101101101111
In base 6, what is 110415 + -14523?
51452
In base 10, what is 6241065 - 77?
6240988
In base 9, what is 616 + 54538?
55255
In base 9, what is 160386 + -76?
160310
In base 3, what is -11 + 101201201120011?
101201201120000
In base 11, what is -1669aa - -1a7?
-166803
In base 5, what is -410202424031 - -4?
-410202424022
In base 12, what is 5 + -7545352?
-7545349
In base 4, what is 30 - -231001112311?
231001113001
In base 6, what is 2 - -135122301?
135122303
In base 5, what is 1 - -14430401142?
14430401143
In base 5, what is 3204321140 + 0?
3204321140
In base 12, what is -7394112 + 3?
-739410b
In base 2, what is 1100111010011011111000 - -11?
1100111010011011111011
In base 11, what is -645 - 33489?
-34023
In base 7, what is 10 + -100460221?
-100460211
In base 11, what is 5 + 5586658?
5586662
In base 13, what is -3 + 200ab31?
200ab2b
In base 2, what is 10100010000001000 + 1110110101000?
10110000110110000
In base 16, what is 53 + -50ebd1?
-50eb7e
In base 7, what is -3663530 + -15?
-3663545
In base 16, what is -2 - 2164af?
-2164b1
In base 16, what is -4 + -714aed?
-714af1
In base 12, what is -4826 + 5252?
628
In base 12, what is 71a + 11325?
11a43
In base 10, what is 321718 - -58?
321776
In base 16, what is -6c7 + -d?
-6d4
In base 12, what is -394 + 16a7?
1313
In base 11, what is 4 + a2a9372?
a2a9376
In base 13, what is -19510 - 329?
-19839
In base 6, what is 505 - 10405344?
-10404435
In base 12, what is a0715 + -20b?
a0506
In base 12, what is -571b4 - bb4?
-581a8
In base 15, what is -29da8e4 - 7?
-29da8eb
In base 8, what is 10742365 + 1103?
10743470
In base 13, what is -4ac15 - -40b?
-4a807
In base 4, what is 111210332002 + 21?
111210332023
In base 16, what is c + 198487?
198493
In base 6, what is 1511 - 4303540?
-4302025
In base 11, what is 319 + 217300?
217619
In base 6, what is -1 + 5101453001?
5101453000
In base 13, what is 12 - 890a434?
-890a422
In base 14, what is 7257bc70 - 4?
7257bc6a
In base 11, what is 917a4 - 24?
91780
In base 5, what is -1211424 - 2102?
-1214031
In base 3, what is 0 + 11122212100202?
11122212100202
In base 8, what is 41115 + -30163?
10732
In base 15, what is 4de4d + -b?
4de42
In base 15, what is -29a + -176c28?
-176ec3
In base 7, what is -1314 - -12421561?
12420244
In base 14, what is -37c0a6 + 18?
-37c08c
In base 8, what is 26427376 + 1?
26427377
In base 10, what is 29 - -26156?
26185
In base 13, what is 183816b + -60?
183810b
In base 16, what is ffdf9d + 3?
ffdfa0
In base 16, what is 96d151 + 4?
96d155
In base 12, what is 659343 + -4?
65933b
In base 13, what is -2a7cc05 + 0?
-2a7cc05
In base 4, what is -22021022320 - -20?
-22021022300
In base 4, what is 312023 - -1320301?
2232330
In base 13, what is -b2c0 - -9cc?
-a5c1
In base 14, what is 138baba + 2?
138babc
In base 4, what is 32101023201 - 230?
32101022311
In base 2, what is 110 - 1101010100011111011001001?
-1101010100011111011000011
In base 11, what is 18 - 9a8933?
-9a8916
In base 9, what is -6034404 + -40?
-6034444
In base 9, what is -10854 + -57641?
-68605
In base 7, what is -215601441 + -5?
-215601446
In base 6, what is -5022011 + -122?
-5022133
In base 10, what is -50452 + -13352?
-63804
In base 2, what is 100110101100 - 1010010?
100101011010
In base 3, what is -2210010022 + -1110220101?
-11021000200
In base 15, what is -1b1a1 - -22?
-1b17e
In base 7, what is 430135603 - -16?
430135622
In base 6, what is 511 + 20334144?
20335055
In base 3, what is -2011210010210 + 112020?
-2011202121120
In base 15, what is 7b + -2cda02?
-2cd976
In base 10, what is -135686 - 1465?
-137151
In base 2, what is 11101000001010100 + 100011010100?
11101100100101000
In base 7, what is 5 - -6133235061?
6133235066
In base 6, what is 1110441 - 1503?
1104534
In base 12, what is -60a45102 - 1?
-60a45103
In base 5, what is 2 + -331121014?
-331121012
In base 2, what is 111 - 1110011000100100000100100?
-1110011000100100000011101
In base 14, what is -38769b + 10?
-38768b
In base 3, what is -202111102202 - -1200?
-202111101002
In base 14, what is 686d + d3b8?
15c47
In base 13, what is -231 + -13717?
-13948
In base 3, what is -11 - 2120001111012101?
-2120001111012112
In base 12, what is a630 - -694?
b104
In base 14, what is 482 - 38717?
-38275
In base 10, what is 460201 - -48?
460249
In base 11, what is -235a95870 + 4?
-235a95867
In base 6, what is 402415 - 21555?
340420
In base 2, what is 1110 + 11101010110000001101011100?
11101010110000001101101010
In base 13, what is -175805 - -a8?
-17572a
In base 15, what is -11a + 6ad70a?
6ad5e0
In base 8, what is -77 + -4043661?
-4043760
In base 4, what is -2110 + 12113120311?
12113112201
In base 11, what is -1750 + 270a?
a6a
In base 7, what is 2 + 53602125?
53602130
In base 6, what is 15151020 - 101?
15150515
In base 2, what is -1000110000101000100000100 + -1010?
-1000110000101000100001110
In base 10, what is -44 - -72238?
72194
In base 12, what is -5859273 + 19?
-5859256
In base 10, what is 16 - 1347708?
-1347692
In base 14, what is -20a0c455 + 4?
-20a0c451
In base 14, what is 7a - -aad7b?
ab017
In base 6, what is 4 + -545035413?
-545035405
In base 13, what is 870806 - a3?
870733
In base 7, what is 21064043 - 23?
21064020
In base 5, what is -4 + -23022040230?
-23022040234
In base 8, what is -4354636 + 157?
-4354457
In base 16, what is 46d47f + 5?
46d484
In base 2, what is 1011 - 1010001100000111010010111?
-1010001100000111010001100
In base 14, what